1 is divided by 78615?
6
What is the remainder when 7360 is divided by 7340?
20
What is the remainder when 53210 is divided by 73?
66
Calculate the remainder when 3252 is divided by 160.
52
What is the remainder when 11132 is divided by 50?
32
Calculate the remainder when 7771 is divided by 177.
160
What is the remainder when 7406 is divided by 1260?
1106
Calculate the remainder when 485913 is divided by 19436.
13
What is the remainder when 14831 is divided by 340?
211
What is the remainder when 455768 is divided by 114?
110
Calculate the remainder when 159368 is divided by 22766.
6
What is the remainder when 261532 is divided by 43585?
22
Calculate the remainder when 5413 is divided by 1794.
31
What is the remainder when 11147 is divided by 1120?
1067
What is the remainder when 115539 is divided by 20?
19
Calculate the remainder when 2179 is divided by 1067.
45
What is the remainder when 15195 is divided by 28?
19
Calculate the remainder when 115188 is divided by 38396.
0
What is the remainder when 157 is divided by 68?
21
Calculate the remainder when 4097 is divided by 47.
8
Calculate the remainder when 159633 is divided by 53177.
102
What is the remainder when 48856 is divided by 2571?
7
Calculate the remainder when 4118 is divided by 31.
26
Calculate the remainder when 14118 is divided by 523.
520
Calculate the remainder when 15212 is divided by 7603.
6
What is the remainder when 158089 is divided by 1208?
1049
What is the remainder when 4037 is divided by 44?
33
Calculate the remainder when 4798 is divided by 581.
150
What is the remainder when 9962 is divided by 1550?
662
What is the remainder when 20386 is divided by 1146?
904
What is the remainder when 15022 is divided by 15003?
19
What is the remainder when 12091 is divided by 275?
266
What is the remainder when 11365 is divided by 3657?
394
What is the remainder when 27308 is divided by 910?
8
Calculate the remainder when 8646 is divided by 2859.
69
Calculate the remainder when 58114 is divided by 1186.
0
What is the remainder when 167 is divided by 150?
17
What is the remainder when 46977 is divided by 566?
565
Calculate the remainder when 1369 is divided by 460.
449
What is the remainder when 26285 is divided by 140?
105
Calculate the remainder when 9339 is divided by 3106.
21
What is the remainder when 10638 is divided by 10613?
25
What is the remainder when 131710 is divided by 884?
878
What is the remainder when 3766 is divided by 234?
22
What is the remainder when 4718 is divided by 153?
128
Calculate the remainder when 146928 is divided by 5.
3
Calculate the remainder when 4582 is divided by 286.
6
Calculate the remainder when 4509 is divided by 653.
591
Calculate the remainder when 149224 is divided by 7105.
19
What is the remainder when 53502 is divided by 273?
267
What is the remainder when 60095 is divided by 115?
65
What is the remainder when 3013009 is divided by 43?
42
Calculate the remainder when 1429283 is divided by 31.
28
What is the remainder when 3820 is divided by 142?
128
Calculate the remainder when 810 is divided by 484.
326
Calculate the remainder when 3114175 is divided by 52.
51
What is the remainder when 25460 is divided by 1818?
8
Calculate the remainder when 31017 is divided by 10339.
0
What is the remainder when 17267 is divided by 22?
19
Calculate the remainder when 41884 is divided by 181.
73
Calculate the remainder when 6478 is divided by 23.
15
Calculate the remainder when 1278497 is divided by 1329.
1328
Calculate the remainder when 1703 is divided by 1207.
496
What is the remainder when 29142757 is divided by 34?
31
What is the remainder when 77456 is divided by 75?
56
What is the remainder when 10306 is divided by 77?
65
Calculate the remainder when 50427 is divided by 25213.
1
Calculate the remainder when 2524244 is divided by 521.
520
Calculate the remainder when 14207 is divided by 1593.
1463
What is the remainder when 51020 is divided by 176?
156
What is the remainder when 152543 is divided by 672?
671
Calculate the remainder when 4238 is divided by 4068.
170
What is the remainder when 12060 is divided by 23?
8
What is the remainder when 9072 is divided by 43?
42
Calculate the remainder when 49259 is divided by 12312.
11
What is the remainder when 36418 is divided by 7282?
8
Calculate the remainder when 6357 is divided by 84.
57
What is the remainder when 33328 is divided by 10?
8
What is the remainder when 413027 is divided by 103237?
79
Calculate the remainder when 181012 is divided by 90502.
8
What is the remainder when 2974 is divided by 884?
322
What is the remainder when 1711 is divided by 59?
0
What is the remainder when 609049 is divided by 55368?
1
What is the remainder when 156097 is divided by 5202?
37
What is the remainder when 562018 is divided by 435?
433
Calculate the remainder when 4584 is divided by 30.
24
Calculate the remainder when 123322 is divided by 383.
379
What is the remainder when 63226 is divided by 727?
704
What is the remainder when 1093295 is divided by 24?
23
What is the remainder when 9050 is divided by 16?
10
Calculate the remainder when 311418 is divided by 16.
10
What is the remainder when 75926 is divided by 75918?
8
What is the remainder when 2613 is divided by 701?
510
Calculate the remainder when 9628 is divided by 481.
8
Calculate the remainder when 4869 is divided by 178.
63
Calculate the remainder when 4029 is divided by 101.
90
Calculate the remainder when 25128 is divided by 1567.
56
Calculate the remainder when 54644 is divided by 414.
410
Calculate the remainder when 396 is divided by 161.
74
Calculate the remainder when 7541 is divided by 808.
269
Calculate the remainder when 4469 is divided by 293.
74
Calculate the remainder when 3921 is divided by 291.
138
What is the remainder when 1145894 is divided by 88145?
9
What is the remainder when 56319 is divided by 378?
375
Calculate the remainder when 25040 is divided by 30.
20
What is the remainder when 131537 is divided by 22?
21
What is the remainder when 7612 is divided by 303?
37
What is the remainder when 65418 is divided by 78?
54
Calculate the remainder when 1992 is divided by 35.
32
What is the remainder when 175176 is divided by 255?
246
What is the remainder when 4706687 is divided by 12?
11
Calculate the remainder when 1659 is divided by 64.
59
Calculate the remainder when 1162 is divided by 716.
446
What is the remainder when 9413 is divided by 4520?
373
What is the remainder when 3870 is divided by 185?
170
Calculate the remainder when 1783877 is divided by 277.
274
Calculate the remainder when 1053 is divided by 168.
45
Calculate the remainder when 582489 is divided by 13.
11
What is the remainder when 6102 is divided by 3051?
0
What is the remainder when 634 is divided by 20?
14
Calculate the remainder when 492225 is divided by 24.
9
Calculate the remainder when 367475 is divided by 15977.
4
What is the remainder when 1893381 is divided by 23?
21
Calculate the remainder when 2086784 is divided by 1761.
1760
What is the remainder when 2160 is divided by 433?
428
What is the remainder when 13398 is divided by 670?
668
What is the remainder when 6487 is divided by 445?
257
Calculate the remainder when 2069 is divided by 28.
25
What is the remainder when 33768 is divided by 2809?
60
What is the remainder when 11201 is divided by 1108?
121
What is the remainder when 8114697 is divided by 825?
822
Calculate the remainder when 6636 is divided by 5097.
1539
What is the remainder when 7003 is divided by 3472?
59
What is the remainder when 230353 is divided by 433?
430
What is the remainder when 7736 is divided by 7662?
74
Calculate the remainder when 232 is divided by 43.
17
Calculate the remainder when 910587 is divided by 455286.
15
Calculate the remainder when 148946 is divided by 46.
44
Calculate the remainder when 432517 is divided by 451.
8
Calculate the remainder when 122710 is divided by 15338.
6
What is the remainder when 20297 is divided by 725?
722
What is the remainder when 40914 is divided by 33?
27
Calculate the remainder when 4794218 is divided by 1711.
1707
What is the remainder when 164926 is divided by 60?
46
Calculate the remainder when 2744081 is divided by 14.
11
What is the remainder when 2717 is divided by 871?
10